{"id":116,"date":"2016-02-29T23:27:05","date_gmt":"2016-02-29T21:27:05","guid":{"rendered":"http:\/\/mankik.qafka.net\/?page_id=116"},"modified":"2025-03-07T17:28:18","modified_gmt":"2025-03-07T16:28:18","slug":"lessen","status":"publish","type":"page","link":"https:\/\/manegekikkert.nl\/?page_id=116","title":{"rendered":"Lessen"},"content":{"rendered":"\n<blockquote class=\"wp-block-quote is-layout-flow wp-block-quote-is-layout-flow\">\n<p>Altijd al eens willen weten hoe het zit met paardrijden, neem dan eens een priv\u00e9les.<\/p>\n<\/blockquote>\n\n\n\n<p>Als je begint met les, begin je altijd met een priv\u00e9les. Tijdens de priv\u00e9lessen leer je de basisvaardigheden van het paardrijden of wordt bepaalt op welk niveau je groepslessen kan volgen.<\/p>\n\n\n\n<p>Een priv\u00e9les duurt ongeveer een half uur. De groepsles is ongeveer een uur. De les staat onder leiding van een gediplomeerde instructrice.<\/p>\n\n\n\n<p>Voor een goede indeling van de lessen is het belangrijk dat er vantevoren een afspraak wordt gemaakt, graag telefonisch of via what&#8217;sapp\/ signal.<\/p>\n\n\n\n\n\n<figure class=\"wp-block-image size-medium alignnone\"><a href=\"https:\/\/manegekikkert.nl\/wp-content\/uploads\/2016\/05\/manege-april-2016-007.jpg\" rel=\"attachment wp-att-341\"><img loading=\"lazy\" decoding=\"async\" width=\"300\" height=\"225\" src=\"https:\/\/manegekikkert.nl\/wp-content\/uploads\/2016\/05\/manege-april-2016-007-300x225.jpg\" alt=\"Groeples\" class=\"wp-image-341\" srcset=\"https:\/\/manegekikkert.nl\/wp-content\/uploads\/2016\/05\/manege-april-2016-007-300x225.jpg 300w, https:\/\/manegekikkert.nl\/wp-content\/uploads\/2016\/05\/manege-april-2016-007-768x576.jpg 768w, https:\/\/manegekikkert.nl\/wp-content\/uploads\/2016\/05\/manege-april-2016-007-1024x768.jpg 1024w, https:\/\/manegekikkert.nl\/wp-content\/uploads\/2016\/05\/manege-april-2016-007-400x300.jpg 400w\" sizes=\"auto, (max-width: 300px) 100vw, 300px\" \/><\/a><\/figure>\n","protected":false},"excerpt":{"rendered":"<p>Altijd al eens willen weten hoe het zit met paardrijden, neem dan eens een priv\u00e9les. Als je begint met les, begin je altijd met een priv\u00e9les. Tijdens de priv\u00e9lessen leer je de basisvaardigheden van het paardrijden of wordt bepaalt op &hellip; <a href=\"https:\/\/manegekikkert.nl\/?page_id=116\">Lees verder <span class=\"meta-nav\">&rarr;<\/span><\/a><\/p>\n","protected":false},"author":1,"featured_media":0,"parent":0,"menu_order":0,"comment_status":"closed","ping_status":"closed","template":"","meta":{"footnotes":""},"class_list":["post-116","page","type-page","status-publish","hentry"],"_links":{"self":[{"href":"https:\/\/manegekikkert.nl\/index.php?rest_route=\/wp\/v2\/pages\/116","targetHints":{"allow":["GET"]}}],"collection":[{"href":"https:\/\/manegekikkert.nl\/index.php?rest_route=\/wp\/v2\/pages"}],"about":[{"href":"https:\/\/manegekikkert.nl\/index.php?rest_route=\/wp\/v2\/types\/page"}],"author":[{"embeddable":true,"href":"https:\/\/manegekikkert.nl\/index.php?rest_route=\/wp\/v2\/users\/1"}],"replies":[{"embeddable":true,"href":"https:\/\/manegekikkert.nl\/index.php?rest_route=%2Fwp%2Fv2%2Fcomments&post=116"}],"version-history":[{"count":9,"href":"https:\/\/manegekikkert.nl\/index.php?rest_route=\/wp\/v2\/pages\/116\/revisions"}],"predecessor-version":[{"id":540,"href":"https:\/\/manegekikkert.nl\/index.php?rest_route=\/wp\/v2\/pages\/116\/revisions\/540"}],"wp:attachment":[{"href":"https:\/\/manegekikkert.nl\/index.php?rest_route=%2Fwp%2Fv2%2Fmedia&parent=116"}],"curies":[{"name":"wp","href":"https:\/\/api.w.org\/{rel}","templated":true}]}}